56?
112
What is the highest common factor of 111150 and 7026825?
975
Calculate the highest common divisor of 78946062 and 377.
377
Calculate the greatest common divisor of 29516 and 234244.
628
Calculate the highest common divisor of 48916958 and 133246.
7838
What is the highest common divisor of 64 and 850244864?
64
Calculate the greatest common factor of 33008 and 51280.
16
Calculate the greatest common divisor of 6597761 and 7192.
899
Calculate the greatest common divisor of 4547714 and 257014.
214
Calculate the highest common divisor of 84840 and 2861880.
840
What is the highest common factor of 799 and 384943019?
799
Calculate the highest common factor of 70 and 2396850.
10
Calculate the highest common divisor of 573 and 485008401.
573
What is the highest common divisor of 869 and 2040588?
11
Calculate the highest common divisor of 665 and 183680.
35
What is the highest common divisor of 431228 and 4?
4
Calculate the greatest common divisor of 19383 and 619932950.
6461
Calculate the highest common factor of 22304 and 174879.
17
What is the greatest common factor of 101218088 and 296?
296
What is the highest common divisor of 25 and 318450425?
25
Calculate the highest common divisor of 55 and 2680084.
11
Calculate the highest common factor of 2712 and 406392.
24
What is the greatest common divisor of 60939 and 190809?
999
Calculate the highest common factor of 1500 and 366318375.
375
What is the highest common factor of 1343 and 30903773?
1343
Calculate the highest common factor of 342369 and 1744.
109
What is the greatest common factor of 35063760 and 3120?
240
Calculate the highest common factor of 580 and 5141990.
290
Calculate the highest common divisor of 22 and 4099566526.
22
What is the highest common divisor of 30359198 and 622?
622
Calculate the greatest common divisor of 20762 and 125566.
14
Calculate the highest common factor of 60259933 and 404.
101
Calculate the greatest common factor of 2 and 281599842.
2
Calculate the greatest common divisor of 4768533 and 3465.
693
Calculate the highest common divisor of 1508280 and 1560.
120
What is the highest common divisor of 1466723698 and 22?
22
Calculate the highest common divisor of 54758 and 25916.
418
Calculate the greatest common divisor of 41473736 and 64.
8
Calculate the greatest common factor of 247555 and 55440.
385
What is the greatest common factor of 61247 and 6054401?
73
Calculate the greatest common factor of 117546 and 9876.
6
Calculate the greatest common factor of 2000966 and 494.
38
Calculate the highest common factor of 18607 and 238655.
809
What is the greatest common factor of 708140277 and 21411?
7137
What is the highest common divisor of 18395425 and 2900?
725
Calculate the highest common factor of 93978836 and 28.
28
What is the highest common factor of 52 and 869456?
4
What is the highest common factor of 345 and 6504401955?
345
What is the greatest common divisor of 20 and 4922208?
4
What is the greatest common divisor of 202752 and 9856?
1408
What is the greatest common divisor of 1448 and 139041847?
181
What is the highest common divisor of 9 and 704836089?
9
What is the greatest common factor of 38430 and 845?
5
Calculate the greatest common factor of 704 and 43559872.
64
Calculate the highest common factor of 173749 and 75008.
293
What is the greatest common divisor of 1134676 and 100?
4
Calculate the highest common divisor of 119314 and 4388849.
353
What is the highest common divisor of 31565 and 2038745?
295
Calculate the highest common divisor of 9862837 and 4715.
943
Calculate the highest common divisor of 1413 and 291557949.
471
Calculate the highest common divisor of 6160 and 8334095.
385
Calculate the greatest common divisor of 1621568 and 195.
13
What is the greatest common factor of 1454 and 25807046?
1454
Calculate the greatest common factor of 2166224 and 32.
16
What is the greatest common factor of 16092 and 87462702?
2682
What is the greatest common factor of 26 and 8843081?
13
Calculate the highest common factor of 1500 and 1933262250.
750
What is the greatest common factor of 1824 and 260269600?
608
What is the greatest common divisor of 26223033 and 6987?
411
Calculate the highest common factor of 482 and 6061391.
241
Calculate the greatest common divisor of 26635518 and 13923.
819
What is the highest common divisor of 223 and 2529151824?
223
What is the greatest common divisor of 1364 and 12640064?
124
Calculate the highest common factor of 3420848 and 2256.
752
What is the highest common factor of 14861392 and 896?
112
Calculate the highest common divisor of 9455570 and 340.
170
What is the greatest common factor of 683565 and 1763140?
995
Calculate the highest common factor of 375250 and 144875.
2375
Calculate the highest common factor of 76920608 and 26576.
2416
Calculate the greatest common factor of 2776 and 3105997.
347
What is the greatest common divisor of 4144 and 46079208?
2072
Calculate the greatest common divisor of 3118 and 8335973.
1559
What is the highest common divisor of 11402505 and 3780?
135
Calculate the highest common divisor of 9961379 and 214.
107
Calculate the greatest common divisor of 18599 and 47131.
7
What is the highest common factor of 14979 and 51279?
3
Calculate the highest common divisor of 10264 and 1475560.
8
What is the greatest common factor of 346753 and 60030?
29
Calculate the greatest common divisor of 118405 and 4403.
119
Calculate the highest common factor of 132 and 191037.
33
What is the greatest common divisor of 333267 and 132?
33
What is the highest common factor of 1604917 and 7337?
23
Calculate the highest common factor of 3562 and 92716.
26
What is the highest common factor of 994 and 1791898?
142
What is the highest common divisor of 2858 and 1556874065?
1429
Calculate the greatest common divisor of 6634424 and 391528.
3592
Calculate the highest common divisor of 256 and 22589696.
256
What is the greatest common divisor of 2811 and 3513?
3
Calculate the greatest common divisor of 349680426 and 2252.
1126
What is the greatest common factor of 214954068 and 14?
14
What is the greatest common factor of 38 and 7867406?
38
Calculate the greatest common divisor of 2814 and 13309282.
938
What is the highest common factor of 1913582 and 319?
11
Calculate the greatest common factor of 34 and 28902261.
17
Calculate the highest common factor of 49637436 and 2136.
1068
What is the greatest common divisor of 6125 and 2770175?
25
Calculate the highest common factor of 29116 and 1297921.
251
Calculate the highest common divisor of 7750446 and 264.
66
What is the highest common divisor of 124424 and 673620?
412
Calculate the greatest common divisor of 1940 and 128000.
20
What is the greatest common divisor of 208 and 5049928?
104
Calculate the greatest common divisor of 4856397 and 1105.
13
What is the greatest common factor of 6 and 359532552?
6
What is the highest common divisor of 44 and 21475102?
22
Calculate the highest common factor of 52796 and 106664.
268
Calculate the highest common divisor of 1167 and 35842071.
1167
What is the greatest common factor of 2847 and 819975?
39
What is the highest common factor of 256088 and 2038946?
238
What is the greatest common factor of 2044060 and 260?
20
Calculate the highest common factor of 6695 and 33978773.
103
Calculate the greatest common factor of 470 and 15239515.
235
Calculate the greatest common divisor of 2948 and 27452513.
737
Calculate the highest common divisor of 2130717 and 38019.
1653
What is the highest common factor of 926863 and 812?
7
Calculate the highest common divisor of 229148680 and 10.
10
What is the highest common factor of 7861735 and 595?
595
What is the greatest common divisor of 147626492 and 6357?
2119
Calculate the greatest common divisor of 47260 and 20420.
20
What is the greatest common factor of 175 and 320180?
35
What is the greatest common factor of 60 and 1893128?
4
Calculate the highest common divisor of 4655093 and 4148.
1037
What is the greatest common divisor of 19747347 and 174?
87
Calculate the greatest common factor of 41118 and 24640.
154
What is the greatest common divisor of 78078 and 132990?
858
Calculate the greatest common factor of 766 and 3697099.
383
What is the highest common divisor of 1200273 and